 base 8?
-13641655
What is 7908a (base 15) in base 3?
201112221211
Convert -878475 (base 10) to base 6.
-30455003
What is 403030420 (base 6) in base 16?
68b68c
What is -27b00b (base 16) in base 14?
-4b9c39
What is -299a (base 12) in base 6?
-34314
7501716 (base 8) to base 3
10202121020111
-633893 (base 10) to base 13
-1926b0
What is 101000100101001110101 (base 2) in base 3?
2111120010011
2520642 (base 8) to base 13
1b5193
Convert -2473885 (base 10) to base 15.
-33d00a
Convert -1200110212021 (base 3) to base 6.
-31104011
What is 1000010000011001101 (base 2) in base 12?
110691
-16967 (base 11) to base 6
-302045
Convert -17b6649 (base 12) to base 14.
-9342b7
3c8a8 (base 13) to base 4
123232001
What is -13131416 (base 8) in base 2?
-1011001011001100001110
What is 661705 (base 8) in base 2?
110110001111000101
What is 11001100000101100110000 (base 2) in base 14?
c61212
Convert -10000111001110101000000 (base 2) to base 11.
-2557225
What is -4a8957 (base 12) in base 16?
-129553
11152015 (base 7) to base 4
3230333032
What is -2064aa (base 12) in base 6?
-14523134
Convert -30103234 (base 5) to base 9.
-402352
What is eb3097 (base 16) in base 5?
12421212044
121131 (base 8) to base 14
11209
What is -2201122211220 (base 3) in base 13?
-3b9c16
Convert -12b926 (base 15) to base 5.
-212243221
94a96 (base 15) to base 16
731dc
Convert 253372 (base 10) to base 13.
8b432
What is 12034305 (base 6) in base 7?
3133241
-a547a (base 11) to base 9
-253666
Convert 3810a3 (base 15) to base 16.
28febd
What is 67e6 (base 15) in base 12?
10909
1001112211121 (base 3) to base 4
2021030110
Convert 3664606 (base 8) to base 16.
f6986
-2977a (base 11) to base 14
-1153d
Convert 53800 (base 10) to base 6.
1053024
-8d2109 (base 16) to base 14
-132a8d3
-35412555 (base 7) to base 2
-1011111100000010000010
What is 1dcac0 (base 16) in base 9?
3605226
What is -1021200022 (base 3) in base 4?
-12023000
Convert 685c (base 13) to base 9.
22034
Convert -23315410 (base 6) to base 12.
-2abb66
-4225610 (base 7) to base 8
-1746064
Convert a668d (base 16) to base 7.
5536132
Convert -1386391 (base 12) to base 11.
-2230109
-19156 (base 13) to base 9
-73561
130882 (base 10) to base 15
28ba7
-454a (base 14) to base 13
-561a
Convert 123227 (base 10) to base 12.
5b38b
Convert 2cc54 (base 14) to base 12.
54b0a
Convert -97bc84 (base 13) to base 3.
-20201021012020
What is -517e9 (base 16) in base 11?
-208876
What is -10302442 (base 6) in base 2?
-1001010001011111010
-1012819 (base 13) to base 14
-9077a2
What is 6564424 (base 7) in base 13?
222a9c
Convert -206352 (base 7) to base 2.
-1000110000010000
Convert 27425 (base 9) to base 7.
105101
What is 111101101001001010 (base 2) in base 12?
10214a
What is -7ebd3c (base 15) in base 8?
-27104542
25625650 (base 7) to base 11
1360388
What is -476857 (base 14) in base 4?
-21103102231
What is -17b3b (base 14) in base 5?
-3403313
Convert 2dc2 (base 16) to base 10.
11714
103022310202 (base 4) to base 6
255412054
Convert 1557001 (base 8) to base 2.
1101101111000000001
What is -2102333323 (base 4) in base 7?
-5055262
-101022032 (base 5) to base 2
-1100011100011010111
What is 1a47b7a (base 12) in base 9?
11431004
What is 1241243213 (base 5) in base 7?
35052226
Convert 324305421 (base 7) to base 14.
2829648
Convert f217 (base 16) to base 4.
33020113
What is -10033031 (base 4) in base 2?
-100001111001101
Convert -277045 (base 8) to base 9.
-158168
-98796 (base 11) to base 12
-6ab75
Convert 13103220233 (base 5) to base 10.
16070068
Convert 763334 (base 14) to base 2.
1111010001100100100010
What is 373bfc (base 16) in base 6?
205330300
What is 100121010121102 (base 3) in base 12?
185b83b
What is -1011011100001111110 (base 2) in base 10?
-374910
What is -1077302 (base 8) in base 14?
-79506
253626 (base 7) to base 11
32313
Convert 90043 (base 11) to base 14.
36076
What is 402fb9 (base 16) in base 7?
50516624
544189 (base 10) to base 4
2010312331
Convert -736526 (base 11) to base 7.
-13012640
-bc373e (base 15) to base 16
-88e860
-21021220121 (base 3) to base 14
-3a456
What is -9111ad (base 15) in base 14?
-cb46a7
-122444 (base 9) to base 10
-73993
What is 22141441 (base 5) in base 13?
6a029
What is 10010121112112 (base 3) in base 16?
196994
Convert -3043200124 (base 5) to base 14.
-b80859
210201020120 (base 3) to base 15
86966
Convert -305740 (base 9) to base 8.
-542223
-11012010211000 (base 3) to base 6
-115422000
-329502 (base 10) to base 4
-1100130132
What is cecb85 (base 15) in base 4?
211220102132
284a8 (base 16) to base 15
33d72
Convert 2231333132 (base 4) to base 12.
2a4512
What is -2022201211021 (base 3) in base 2?
-100101101011101101110
Convert 2200210001101 (base 3) to base 16.
15dbca
What is -571225 (base 8) in base 5?
-22140143
What is -436100 (base 14) in base 12?
-921370
1d801d (base 15) to base 4
11200222300
Convert -320604 (base 8) to base 7.
-623421
What is 63a394 (base 11) in base 6?
33540433
What is -4142a (base 14) in base 6?
-3211530
What is 1453153 (base 6) in base 4?
110233131
What is 10001101020021 (base 3) in base 7?
16532206
What is 10000011101010011 (base 2) in base 11?
46713
-10011000100110011111010 (base 2) to base 16
-4c4cfa
Convert 1722849 (base 13) to base 9.
15073616
-9945a5 (base 13) to base 5
-1410432304
Convert 101110021002 (base 3) to base 5.
23041034
What is -122314024 (base 5) in base 11?
-372287
Convert -12055603 (base 7) to base 14.
-1dcdaa
118392 (base 15) to base 3
1120120021002
Convert 10526353 (base 7) to base 4.
3133102333
Convert -12001212100012 (base 3) to base 2.
-1010010001101100001111
Convert -302030020203 (base 4) to base 3.
-220202102212120
-1a51d5 (base 15) to base 13
-35bc37
What is -31011300202 (base 4) in base 11?
-1a34118
Convert -137aac (base 13) to base 16.
-73c4b
-199aa (base 16) to base 14
-2a310
Convert -ffe8 (base 16) to base 14.
-19c36
-d842a (base 14) to base 8
-1773706
What is -b4067 (base 12) in base 6?
-5012211
816078 (base 12) to base 11
1161058
Convert -111503331 (base 6) to base 5.
-1010431423
Convert 22112102011 (base 3) to base 10.
167971
2112333 (base 10) to base 15
2bad23
What is 3ba41f (base 16) in base 8?
16722037
8c13b4 (base 14) to base 7
55343114
Convert 4161547 (base 8) to base 7.
12256540
What is 5435024 (base 6) in base 11?
174420
Convert 2013147 (base 8) to base 15.
a709d
Convert 1b608 (base 15) to base 3.
11112020022
Convert -6136311 (base 7) to base 4.
-2302233111
What is -3504452 (base 6) in base 13?
-63b57
-ab8011 (base 12) to base 16
-29a90d
3554f (base 16) to base 8
652517
100101101111011101 (base 2) to base 14
404a1
Convert 11210164 (base 7) to base 2.
11101110100110010110
Convert 25d775 (base 15) to base 7.
21306434
Convert 584b (base 15) to base 11.
130a2
Convert 2d8346 (base 15) to base 2.
1000011010001111001000
Convert -1513233 (base 6) to base 10.
-87573
417819 (base 10) to base 6
12542203
What is 4c431a (base 14) in base 4?
22000212010
-3378332 (base 9) to base 5
-431323001
What is 10101100010000000101 (base 2) in base 10?
705541
Convert -441333421 (base 5) to base 15.
-2789e1
-1120102212210 (base 3) to base 15
-11779c
Convert 15b12c (base 13) to base 4.
2003131220
Convert -1101304 (base 13) to base 5.
-2312411220
What is -458 (base 16) in base 2?
-10001011000
Convert 333988 (base 14) to base 16.
1a8854
Convert -1a01e (base 15) to base 3.
-11021210002
14003252 (base 6) to base 9
782025
What is 102692 (base 12) in base 9?
425362
-10202202023 (base 4) to base 13
-328877
28a71 (base 11) to base 6
514454
6175646 (base 8) to base 12
66b606
What is 1201101202210 (base 3) in base 7?
10522410
What is -7556356 (base 8) in base 15?
-29e478
What is -7619d7 (base 14) in base 3?
-21112012220201
177087 (base 12) to base 11
258198
Convert -11234031042 (base 5) to base 4.
-300310232301
Convert 22210021021 (base 3) to base 8.
521651
Convert -96153 (base 11) to base 5.
-13434214
What is 2b90120 (base 12) in base 16?
87bda8
Convert 151263164 (base 7) to base 12.
34476a5
-100000000111111100001 (base 2) to base 11
-659957
Convert 210847 (base 9) to base 15.
2721a
Convert 15728448 (base 9) to base 8.
36020507
What is -1200012022 (base 4) in base 10?
-393610
Convert -80690 (base 13) to base 15.
-4807e
Convert 9161 (base 12) to base 7.
63655
-13300022010 (base 4) to base 10
-2032260
5137004 (base 9) 